0. Let f(a) = a - 1. Let s(c) = k*f(c) - n(c). What is s(4)?
11
Let n(a) = 7 + 3*a**2 - 9*a - 2*a**2 - 3*a**2 + 3*a**2. What is n(6)?
-11
Let l(q) = -q - 2. Let f(n) = -n**3 + 7*n**2 + 7*n + 16. Let s be f(8). Give l(s).
-10
Let k(i) = -i**3 + 5*i**2 - i - 3. Let d be k(3). Suppose 0 = -u - 3*u + d. Let x(h) be the second derivative of -h**3/6 + 2*h**2 + h. What is x(u)?
1
Let o(y) = 2*y - 9. Let s(b) = 4*b - 19. Let k(d) = 7*o(d) - 3*s(d). Calculate k(4).
2
Let o(w) = -w + 5. Let v(h) = h**3 + 8*h**2 + 9*h + 20. Let q be v(-7). Give o(q).
-1
Let z(v) = -v**3 + 4*v**2 - 4. Let s = 39 + -36. What is z(s)?
5
Let b(z) be the first derivative of -z**4/4 + 5*z**3/3 - 5*z**2/2 + 5*z + 3. Determine b(4).
1
Let k = -4 + 9. Let n(t) be the second derivative of t**4/12 - t**3 - t**2/2 + t. Determine n(k).
-6
Suppose 0*b - 3*b - 5*f + 64 = 0, 2*b - 40 = -2*f. Suppose 5*n - 3 = -b. Let u(c) be the first derivative of c**3/3 + c**2/2 - 3*c + 1. What is u(n)?
3
Let o = 38 - 38. Let b(r) = -r**2 + 2. Calculate b(o).
2
Let z(f) = -4*f**3 + f - 1. Let b be (-1*1)/(6/(-24)). Let v = 5 - b. Determine z(v).
-4
Suppose 2*q - 18 = -4*b, q - 3 = 2*b - 2. Let u = b + -4. Let a be (-1)/(-2) - u/(-4). Let v(m) = m**2 - m + 1. Give v(a).
1
Let d(q) be the second derivative of 1/6*q**3 - 1/12*q**4 - 6*q - 9/2*q**2 + 0. Calculate d(0).
-9
Let h(c) be the first derivative of -c**3/3 + 3*c**2 - 5*c - 2. Let p(k) = 2*k**2 + 7*k + 4. Let a be p(-5). Suppose a - 7 = 3*s. Determine h(s).
3
Suppose 4*l = 12 - 4. Let z(m) = -m - l*m + 5 + m + m. Suppose -14 = -5*x + 11. Calculate z(x).
0
Let n = -129 - -47. Let p = -59 - n. Suppose 4*f + m - 5 = 2*f, p = 5*f - m. Let o(q) = 2*q - 2. Calculate o(f).
6
Let r(i) = -5*i**2 - 9*i - 8 - 3*i**3 + 4*i**3 + 17. Suppose -2*k + 0*k + 12 = 0. Give r(k).
-9
Let j = -6 - -1. Let z be (j/(-10))/((-3)/(-24)). Let t(k) = k**2 - 5*k + 4. Give t(z).
0
Suppose -5*n = -9*n. Let j(p) be the second derivative of -3*p - 1/6*p**3 + 1/10*p**5 + n + 0*p**2 - 1/12*p**4. Give j(-1).
-2
Let d(p) = p**2 + 4*p + 2. Let y be d(-3). Let n(m) be the second derivative of 1/3*m**3 + m + 0*m**2 + 0. What is n(y)?
-2
Let v(n) = n**2 + 6*n + 2. Let z = 4 - 11. Let q be v(z). Let m be (-28)/(-6) - 6/q. Let c(j) = j - 3. Give c(m).
1
Let o(z) be the first derivative of -z**4/24 + z**3/3 - 5*z**2/2 - 2. Let w(y) be the second derivative of o(y). Let h = 2 - 4. What is w(h)?
4
Let v(n) be the second derivative of 1/2*n**3 - 1/2*n**2 - 1/12*n**4 + 2*n + 0. Give v(4).
-5
Let a be 6 + 4*1/(-2). Let m(y) = 0*y - y**2 + 7*y + 3*y - 3 - 4*y. Determine m(a).
5
Let i = 11 + -7. Let n(j) = -j**3 - 5*j**2 + 3*j + 7. Let h(r) = -4*r**3 - 15*r**2 + 9*r + 22. Let f(c) = 2*h(c) - 7*n(c). Calculate f(i).
-1
Let p(g) = g**2 - 3*g - 4. Let r be 1/4*(-8 + 4). Suppose 3*o + 16 = -o. Let x be (-21)/o + r/4. Give p(x).
6
Let w(g) = -4*g**2 + 5*g + 23. Let f(i) = -i**2 + 2*i + 7. Let q(x) = -7*f(x) + 2*w(x). Give q(-4).
-3
Let b(t) be the third derivative of -t**5/60 + t**4/12 + 2*t**3/3 + 6*t**2. Calculate b(-4).
-20
Let k be (-2)/(2/(-1 - 1)). Suppose 3*q + 7 = 2*x, -k*x + 1 = -4*q - 11. Let r(a) = -a + 2 + a**2 + 6*a + 3. Determine r(q).
5
Let r(q) = 6 + 0*q + 2*q - 2*q - q. Give r(5).
1
Let s(h) = 8*h**2 - h - 2. Let f be s(-1). Let d(v) = -v**2 + 6*v + 3. Calculate d(f).
-4
Let h(i) = 8*i**2 + i. Let w = -94 + 93. Give h(w).
7
Let i(o) = 5*o**2 - 2*o + 5*o - o**3 - 5 + 5*o + 0*o. What is i(6)?
7
Let n(w) = w**2 + 10*w + 25. Let l be n(-4). Let b(a) = 19*a + 1. Calculate b(l).
20
Let v(f) = 2*f + 3. Let l be (-5 + -1)*(6 - 5). What is v(l)?
-9
Let u(x) be the first derivative of x**2 - 5*x - 1. Let d = 25 + -18. Let w = -2 + d. Determine u(w).
5
Let k(u) = 2*u - 7. Let f be (2 - 0)/2 + 125. Let b be ((-4)/(-6))/(12/f). What is k(b)?
7
Let z be 6/12 + (-13)/(-2). Let l(s) = -3*s + 4*s + 3*s + z - 3*s. Give l(-5).
2
Suppose 3*m - 3 = -0*m. Let h(r) = 10*r - 16. Let d(n) = 3*n - 5. Let y(o) = 7*d(o) - 2*h(o). Let g(x) = 2*x - 7. Let p(c) = -2*g(c) + 5*y(c). What is p(m)?
0
Let y(j) = -j**2 - 4*j + 1. Let o = -8 - -3. Let b be (-7)/(-35) - (-16)/o. Determine y(b).
4
Let o(m) = m + 0*m + 6*m**2 - m**3 - 9 + 16. Let d = -9 - -15. Calculate o(d).
13
Let f(j) = -3*j**2 - j - 1. Let o be f(-1). Let k be 1 - (-1 - o)/2. Let i(n) = n**3 + n**2 - n - 4. Give i(k).
-4
Let f(o) = o + 3. Let j = 77 + -83. Determine f(j).
-3
Let a(q) = 4*q + 1. Let v(j) = 11*j + 2. Suppose -2*x + 25 = 2*c - 5*c, -5*x - 5*c = -100. Let i(f) = x*a(f) - 6*v(f). What is i(-4)?
-3
Let h = -8 + 12. Let c(g) be the first derivative of -2 - 2/3*g**3 + 1/4*g**h + 0*g**2 - 2*g. What is c(3)?
7
Let y(i) = 7*i**2 - i. Let a be (-2)/4*(-5 + 5). Let x be (3/3 + a)*-1. Calculate y(x).
8
Let i(z) = 6*z**3 + z**2 - 2*z**3 - 3*z**3. Let o = -7 + 5. Calculate i(o).
-4
Let z(h) = 3*h**2 - 2*h - 1. Let b = -4 + 7. Let o(r) = -r**3. Let q be o(0). Suppose q*y + 18 = -y - 5*g, 0 = -y - b*g - 10. Determine z(y).
7
Let g(k) = -5*k + 13*k - k**3 - 5*k - 5*k**2 + 2*k**3 + 1. Calculate g(4).
-3
Let k(b) = -2*b**3 - 9*b - 4. Let r(c) = -3*c**3 + c**2 - 17*c - 8. Let z(l) = -5*k(l) + 3*r(l). What is z(-4)?
4
Let z = 85 + -60. Suppose 3*c - 1 = -2*m - 24, 5*c + z = 0. Let j(w) = w**3 + 4*w**2 - 2*w + 2. Give j(m).
10
Let s(t) = 9*t + 15. Let f(j) = -5*j - 12 + 5 + j. Let k(n) = 7*f(n) + 3*s(n). Calculate k(5).
-9
Let n(o) be the second derivative of o**5/20 - 5*o**4/12 + o**3/6 - 2*o**2 + 7*o. Give n(5).
1
Let y = 4 + -2. Suppose -5*z - 5*i = -25, 4*i - 2*i = y. Let r(b) be the first derivative of -b**2 + 4*b + 1. Give r(z).
-4
Suppose b + 6 = -2*u, -u + 5*b - 30 = 4*u. Suppose -5*w + 15 = -2*w. Let r(y) = -y**3 - 2*y**2 - w*y - 2*y**2 - y**2. Determine r(u).
4
Let s(r) = r**3 - 2*r**2 - 3*r + 1. Let k be s(3). Let t be 1/2*k*0. Let d(n) = n**2 + 3. Give d(t).
3
Let x(n) = 3*n + 3. Suppose -3*u = -4*m + 28, -m + 20 = -4*u - 0*m. Let v be 3/(-2)*(-2)/3. Let j = u + v. What is x(j)?
-6
Let i(x) = -3*x**2 - 1. Let j(y) = 7*y**2 - y + 1. Let t(u) = 5*i(u) + 2*j(u). Give t(-2).
-3
Let z(f) = -4*f. Suppose -7 = 4*m + 3*h + 2*h, -2*m + 16 = -4*h. Suppose 2*b - m*x = 12, -4*b + 7*b + 3*x + 6 = 0. Suppose b*s - 2 = -0*s. Calculate z(s).
-4
Let y(b) be the third derivative of -b**2 + 0*b + 0 + 0*b**5 + 0*b**3 + 1/15*b**6 - 1/24*b**4. Determine y(1).
7
Let d = 22 + -14. Suppose -2*l = -8, 7 = 3*x + 3*l - 23. Let b = d - x. Let i(u) = 2*u**3 - u**2 - 2*u + 1. What is i(b)?
9
Suppose -2*m + 30 = 4*g, 4*g + 10 = 5*g + 3*m. Suppose 0 = -5*s + 3*d + 22, d - 6 = -s + 2*d. Let a(t) = -1 + t**s + g + 6*t - 2 + 2. Calculate a(-4).
-2
Let a(u) be the third derivative of u**6/120 + u**5/10 + 7*u**4/24 + 7*u**3/6 + 4*u**2. Calculate a(-5).
-3
Let w(z) = -z**2 + 10*z + 2. Let f(b) = b + 1. Suppose 2*x = -0 - 2. Let u(n) = x*w(n) + 4*f(n). Determine u(6).
2
Let h(a) = a**3 - 2*a**2 - 4*a + 3. Let s be h(3). Let d(v) = -2*v + s*v + 3 + 0. What is d(3)?
-3
Let r = -3 + 7. Let x(s) = -s**3 + 4*s**2 - s + 4. Let p be x(r). Let i(h) be the first derivative of -h**2/2 + 2*h + 2. Determine i(p).
2
Let s(y) = y**3 - 1. Let g(p) = -p**3 + 5*p**2 + 3*p + 6. Let o be 2/3*3/2. Let f(n) = o*g(n) + 2*s(n). Give f(-4).
8
Let i(s) = s**2 + s. Suppose 3*q + 7 + 2 = 0. Give i(q).
6
Let i(k) = k**2 - k + 1. Let v(w) = -w**3 + 10*w**2 - 10*w + 7. Let q(l) = -5*i(l) + v(l). Determine q(3).
5
Let s(x) = x - 1. Suppose -4*u + 1 = 5. Let g be u/(-1) + 1/1. Give s(g).
1
Let a(t) = -5*t - 1. Suppose 23*d = 21*d - 2. Give a(d).
4
Suppose 40 = 13*i - 38. Let t(g) be the first derivative of -g**2/2 + 4*g + 1. Give t(i).
-2
Suppose 0*u + 4*u + 12 = 0. Let m(i) = i + 5. Give m(u).
2
Let f(d) = -2*d**2 + 17*d**3 + d - 1 - 7*d**3 - 3*d. Give f(-1).
-11
Let b(o) = 2*o - 1 - o + o**2 + 2*o**2 + 2. Let c be b(-1). Let f(p) = -p - c - 3*p + 4*p - p. Determine f(4).
-7
Let i(k) = -3*k**3 - 17*k**2 + 12*k - 7. Let p(s) = -s**3 - 8*s**2 + 6*s - 4. Let a(x) = -2*i(x) + 5*p(x). Determine a(5).
-1
Let g(y) be the first derivative of -y**4/6 + y**3/2 - 3*y**2/2 + 3. Let a(c) be the second derivative of g(c). Determine a(2).
-5
Let h(m) be the third derivative of -m**6/360 + m**5/20 - m**4/8 - m**3/3 - 2*m**2. Let u(l) be the first derivative of h(l). Determine u(4).
5
Let r(s) = -s**2 - 7*s - 6. Let t be r(-6). Let 